) = -30*n**2 + 5*n + 18. Give q(-2).
-112
Let t(a) = 85*a + 63. Calculate t(-2).
-107
Let t(u) = 3*u**3 + 98*u**2 - 29*u - 177. Calculate t(-33).
-309
Let r(t) = 28*t + 327. Give r(0).
327
Let v(l) = l**3 + 7*l**2 + 29*l + 303. What is v(-8)?
7
Let x(k) = -4*k - 597. What is x(-122)?
-109
Let o(w) = -27*w**2 + 156*w + 34. Determine o(6).
-2
Let z(o) = -2*o**2 + 88*o - 871. Determine z(29).
-1
Let a(n) = 5*n**2 + 45*n + 83. Determine a(-3).
-7
Let m(h) = -h**3 - 43*h**2 - 89*h - 297. Give m(-41).
-10
Let a(b) = b**3 + 57*b**2 - 103*b + 865. Determine a(-59).
-20
Let x(j) = -j**3 - 94*j**2 - 121*j - 2623. What is x(-93)?
-19
Let t(p) = -437*p - 7941. Give t(-18).
-75
Let p(u) = -u**3 - 9*u**2 + 68*u + 406. What is p(-5)?
-34
Let y(h) = h**3 - 6*h + 39. Determine y(0).
39
Let v(y) = -y**3 + 343*y**2 + 50*y - 17147. Give v(343).
3
Let s(t) = -641*t + 1871. What is s(3)?
-52
Let q(s) = -531*s + 15403. What is q(29)?
4
Let x(r) = -87*r - 2839. Determine x(-32).
-55
Let g(w) = 63*w + 7082. Give g(-113).
-37
Let z(m) = -10*m - 251. Calculate z(53).
-781
Let x(m) = -2*m**3 - m + 7. Determine x(-3).
64
Let m(r) = -r**2 - 180*r + 1286. Determine m(7).
-23
Let g(x) = x**2 - 397*x + 8. Give g(0).
8
Let s(w) = w**2 + 6*w - 32. What is s(-13)?
59
Let j(g) = -g**3 + 99*g**2 + 203*g - 94. What is j(101)?
7
Let f(m) = -m**2 + 24*m + 442. Determine f(38).
-90
Let m(a) = 4*a**2 - 219*a + 187. Calculate m(54).
25
Let j(g) = -4867*g + 4878. Determine j(1).
11
Let m(r) = -7*r**2 - 17*r + 13. Give m(-3).
1
Let t(u) = 3*u**2 + 42*u - 819. Calculate t(16).
621
Let q(g) = -176*g - 1237. Calculate q(-7).
-5
Let g(u) = 6*u**3 - 15*u**2 - 3*u - 3. Give g(4).
129
Let v(h) = -8*h**2 - 30*h - 58. Calculate v(-8).
-330
Let t(p) = -35*p - 265. What is t(-8)?
15
Let p(u) = -u**3 + 7*u**2 + 6*u - 26. Determine p(8).
-42
Let i(q) = -274*q - 280. Give i(-1).
-6
Let z(o) = -o**3 + 204*o**2 - 804*o + 12. Determine z(4).
-4
Let n(f) = -f**2 + 15*f + 3444. Give n(-51).
78
Let w(o) = -o**2 + 701*o - 3493. Calculate w(5).
-13
Let i(r) = r**3 - 45*r**2 + 3*r - 112. What is i(45)?
23
Let d(b) = b**3 - 6*b**2 + 231*b + 1165. Give d(-5).
-265
Let h(y) = -7*y**3 - 98*y**2 - 3*y - 54. Determine h(-14).
-12
Let i(h) = 10150*h - 30450. What is i(3)?
0
Let u(r) = -7*r + 44. Give u(0).
44
Let f(h) = h**2 + 20*h - 808. What is f(-40)?
-8
Let a(y) = -y**3 + y**2 + 71*y - 36. Determine a(-9).
135
Let b(y) = y**2 + 58*y + 434. Calculate b(-49).
-7
Let w(j) = 385*j - 2312. Determine w(6).
-2
Let p(b) = -b**3 + 110*b**2 - 1435*b + 134. Determine p(95).
-816
Let c(k) = -214*k - 912. Calculate c(-4).
-56
Let w(y) = 109*y - 202. What is w(2)?
16
Let k(u) = -u**2 - 74*u - 1367. Determine k(-36).
1
Let f(g) = -8*g**2 + 246*g + 312. What is f(32)?
-8
Let w(r) = 34*r - 533. Determine w(13).
-91
Let l(k) = -5*k**2 - 181*k + 3210. Calculate l(13).
12
Let a(j) = -j**3 + 52*j**2 + 58*j - 98. Calculate a(53).
167
Let i(v) = -518*v + 1573. Determine i(3).
19
Let o(t) = t**3 + 7*t**2 - 21*t + 37. What is o(-10)?
-53
Let h(q) = -2*q**3 - 277*q**2 + 1586*q + 285. What is h(-144)?
-3
Let b(m) = 2*m**2 - 206*m + 142. What is b(102)?
-62
Let p(m) = 272*m**3 - 6*m**2 + 4*m + 1. Determine p(1).
271
Let l(h) = 2*h**2 + 31*h + 62. Determine l(-10).
-48
Let i(n) = -14*n**2 - 1157*n + 335. Determine i(-83).
-80
Let o(t) = 9*t**3 + t**2 - 8*t - 8. Calculate o(-2).
-60
Let l(q) = 6320*q + 44226. What is l(-7)?
-14
Let o(y) = -5*y - 60. What is o(-25)?
65
Let p(t) = 119*t + 6657. Calculate p(-56).
-7
Let s(y) = 27*y - 2162. Determine s(80).
-2
Let c(o) = -74*o - 600. Determine c(-8).
-8
Let z(o) = 5391*o + 5352. Determine z(-1).
-39
Let y(q) = -13*q - 995. Calculate y(-60).
-215
Let g(f) = -28*f**2 - 278*f + 20. Give g(-10).
0
Let q(z) = 2*z**3 - 10*z**2 - 12*z + 48. Give q(6).
48
Let x(v) = 2*v + 21. What is x(-5)?
11
Let v(l) = 17*l - 623. Give v(59).
380
Let v(c) = -2*c**3 + 60*c**2 + 60*c + 64. Determine v(31).
2
Let v(k) = k**3 + 173*k**2 + 151*k - 3586. What is v(-172)?
26
Let f(m) = -m**3 - m**2 + 89*m - 75. Determine f(0).
-75
Let x(y) = -39*y + 666. What is x(17)?
3
Let y(o) = 30*o + 113. Determine y(-5).
-37
Let q(h) = 4*h + 95. Determine q(-19).
19
Let o(z) = z**2 - 8*z + 26. Give o(7).
19
Let n(f) = 306*f + 7072. Give n(-23).
34
Let t(n) = -14*n**2 - 63*n - 59. Determine t(-3).
4
Let v(h) = 87*h - 101. What is v(1)?
-14
Let o(z) = 2*z**2 + 195*z + 3776. What is o(-27)?
-31
Let q(n) = 13*n**2 + 6*n - 19. What is q(3)?
116
Let z(i) = -2*i**3 + 49*i**2 - 20*i - 107. Calculate z(24).
-11
Let s(g) = 83*g - 1101. Determine s(13).
-22
Let l(u) = 3*u**3 - 4*u**2 + 6*u - 12. Give l(4).
140
Let w(m) = -m**3 + 8*m**2 + 41*m - 331. Determine w(6).
-13
Let h(i) = 2*i**3 - 201*i**2 + 107*i - 460. What is h(100)?
240
Let k(a) = -179*a - 17535. Determine k(-98).
7
Let l(t) = -t**2 + 31*t - 17. Give l(23).
167
Let z(m) = 5409*m - 86533. Give z(16).
11
Let m(u) = u**3 + 199*u**2 - 196*u + 790. Give m(-200).
-10
Let p(o) = 118*o - 338. What is p(2)?
-102
Let q(x) = 3*x**2 + 32*x - 70. Give q(-22).
678
Let z(l) = -l**3 + 26*l**2 + 28*l + 23. Determine z(27).
50
Let v(l) = l**3 + 26*l**2 + 59*l + 1038. Calculate v(-25).
188
Let q(t) = -31*t + 1101. Give q(36).
-15
Let r(y) = -3*y**3 + 13*y**2 - 3*y - 1. Give r(3).
26
Let u(l) = l**3 + 14*l**2 - 58*l - 654. Calculate u(-15).
-9
Let f(w) = -15*w**2 - 85*w + 548. What is f(6)?
-502
Let q(n) = 2*n**3 + 207*n**2 + 101*n - 216. Calculate q(-103).
-10
Let x(k) = k**2 + 21*k + 16. What is x(-17)?
-52
Let o(v) = v**3 + 10*v**2 - 689*v - 6884. Calculate o(-10).
6
Let d(s) = s**3 + 5*s**2 - 379*s + 89. Give d(17).
4
Let w(g) = 4*g**3 - 62*g**2 + 24*g + 43. Determine w(15).
-47
Let r(y) = 2*y**2 - 223*y - 2434. Give r(-10).
-4
Let v(z) = z**2 - 383*z + 22872. Calculate v(74).
6
Let j(c) = -4*c**3 + 24*c**2 - 17*c + 92. Give j(6).
-10
Let j(h) = -h**3 - 10*h**2 + 48. Calculate j(-10).
48
Let p(z) = -3*z**3 + 10*z**2 + 251*z + 24. Give p(11).
2
Let q(s) = s**3 + 4*s**2 - 96*s - 502. What is q(-8)?
10
Let k(o) = 58*o**3 + 2*o**2 - 15*o - 16. Calculate k(-1).
-57
Let v(a) = -a**3 + 12*a**2 - 29*a + 28. Determine v(9).
10
Let l(z) = 692*z + 4142. Calculate l(-6).
-10
Let b(f) = -3*f**3 + 6*f**2 - 13. Calculate b(-2).
35
Let h(l) = l**2 - 220*l + 11268. What is h(81)?
9
Let h(l) = -10*l + 243. What is h(29)?
-47
Let w(z) = 4*z**2 - 25*z - 12. Calculate w(8).
44
Let t(w) = -w**2 - 14*w - 60. Give t(-17).
-111
Let c(f) = 20*f**2 - 112*f + 11. Determine c(5).
-49
Let i(l) = l**2 - 51*l - 75. Give i(-2).
31
Let r(i) = 14*i**2 + 80*i + 288. Calculate r(-5).
238
Let c(t) = 10*t + 84. Calculate c(-10).
-16
Let c(x) = 68*x**3 + 4*x**2 + 3*x - 7. What is c(1)?
68
Let v(o) = 18*o - 37. Give v(5).
53
Let k(q) = q**2 - 30*q - 1073. Give k(-23).
146
Let y(z) = -382*z - 4967. Give y(-13).
-1
Let o(h) = 6*h**3 - 157*h**2 + 13*h + 103. What is o(26)?
-235
Let y(x) = x**3 - 70*x**2 + 79*x - 683. Calculate y(69).
7
Let p(f) = -194*f**2 - f + 1. Give p(1).
-194
Let d(i) = -i**2 + 58*i - 243. What is d(34)?
573
Let p(y) = -4*y**3 + 42*y**2 - 5*y - 8. Calculate p(10).
142
Let r(s) = -s**3 + 42*s**2 - 171*s + 20. Give r(37).
538
Let z(m) = -74*m + 160. Calculate z(3).
-62
Let q(x) = -x**3 + 93*x**2 + 44*x + 4698. What is q(94)?
-2
Let h(s) = -4*s - 111. What is h(8)?
-143
Let d(a) = a**3 - 29*a**2 - 63*a - 37. Give d(31).
-68
Let t(b) = -b**2 - 43*b - 376. Calculate t(-14).
30
Let p(g) = 3*g**2 + 5*g - 101. Give p(5).
-1
Let z(h) = -3*h**3 + 39*h**2 + 22*h + 283. Determine z(14).
3
Let i(a) = -55*a**2 + 94*a - 55. Give i(1).
-16
Let i(s) = -208*s + 19532. Determine i(94).
-20
Let i(j) = j**2 - 44*j - 441. What is i(-7)?
-84
Let q(h) = -h**3 + 15*h**2 + h - 169. Calculate q(14).
41
Let s(l) = -l**3 - 24*l**2 - 61*l + 43. Give s(-21).
1
Let y(a) = -2*a**2 + 26*a - 16. Give y(20).
-296
Let z(o) = o**3 + 4*o**2 + 145*o + 756. Determine z(-5).
6
Let p(d) = d**3 + 16*d**2 - 876*d - 14673. What is p(-17)?
-70
Let v(z) = z**2 + 2*z - 254. What is v(15)?
1
Let p(f) = -7*f**2 - 9*f + 6. Give p(1).
-10
Let i(z) = -3*z**3 - 154*z**2 - 50*z + 42. Determine i(-51).
-9
Let w(h) = 3*h**2 + 386*h - 534. Determine w(-130).
-14
Let a(w) = 8*w**2 - 106*w + 123. Determine a(10).
-137
Let r(b) = 112*b + 4466. Calculate r(-40).
-14
Let i(m) = 5*m